 when m is divided by 29?
27
Let s = -1 - -16. Suppose m - s = -4. Calculate the remainder when 42 is divided by m.
9
Let f be -14*(-2)/(-8)*(-3 + 1). Suppose f*m = -31 + 129. Calculate the remainder when 46/2 + 3 + -1 is divided by m.
11
Let r(b) be the first derivative of 33*b**2 - b - 4. What is the remainder when r(1) is divided by 22?
21
Suppose -3*c = -0*c - 183. What is the remainder when c is divided by (-7 - -3)*(2 - 9 - -3)?
13
Let x(z) = -z**2 - 12*z + 4. Let n be x(-12). Suppose -3*p = -2*t - 8, -p - 3*p = n*t - 24. What is the remainder when 14 is divided by p?
2
Suppose 0 = -2*x - m + 95, -4*x = 3*m - 120 - 75. What is the remainder when 626 is divided by x?
41
Calculate the remainder when 25/(-15)*-3 - -63 is divided by 31.
6
Suppose 37 = 5*r - 4*t, 0 = 2*r - 4*t - 13 + 3. Let y be (-1)/(-2 - -1) + -20. What is the remainder when r is divided by 2/(-6) - y/3?
3
Suppose 10*k - 5*k - 8 = -4*b, 5 = 2*k + b. Suppose k*h = 135 + 125. Let w = 9740 + -9723. What is the remainder when h is divided by w?
14
Let a(w) = -w**3 + 18*w**2 - 9*w - 28. Let u be a(18). Let m = u + 318. Suppose 4*y = -0*y + 132. What is the remainder when m is divided by y?
29
Let p(t) = -4*t + 20. Calculate the remainder when p(-7) is divided by 17.
14
Let s = 708 - 675. Calculate the remainder when s is divided by 25.
8
Suppose 0 = 4*a - 5*u - 8, -5*u = -0 + 20. Calculate the remainder when (2/(-3))/(4/468*a) is divided by 10.
6
Let s be (-3 + -78)/(-1 + 0). Suppose 5*y - s = 4*g - 15, -4*y - g + 57 = 0. Let b = y - 10. What is the remainder when b is divided by 3?
1
Suppose -534 = -571*j + 568*j. What is the remainder when j is divided by 51?
25
Let c(z) = 20*z**2 - 3*z - 1. Calculate the remainder when 20 is divided by c(1).
4
Let i(t) = 7 - 42*t + 19*t + 19*t - 4. What is the remainder when 53 is divided by i(-3)?
8
Suppose 637 = -49*w - 49. Let t = -34 - 14. Calculate the remainder when 5 is divided by 4/w - t/21.
1
Calculate the remainder when 80 is divided by (14/4)/((-38)/(-12) - 3).
17
Let s(q) = q**2 + 7*q + 19. Suppose -5*x + 4*o + 27 = -0*x, -x + 3*o + 1 = 0. Calculate the remainder when s(-7) is divided by x.
5
Suppose 0 = -59*h + 37*h + 11814. What is the remainder when h is divided by 18?
15
What is the remainder when (-1)/((10/(-150))/((-214)/(-5))) is divided by 23?
21
Calculate the remainder when 74/(-2)*(22 - (-26 + 49)) is divided by 26.
11
Let m = -225 + 265. Calculate the remainder when m is divided by (2/6)/(6/54).
1
Let t(s) = 41*s - 189. Calculate the remainder when t(6) is divided by 18.
3
Let z = -3 - 2. Let s be z*((-51)/15 - -3). Suppose s*t = 2*w - 5*w + 51, -2*t = 2*w - 54. Calculate the remainder when 89 is divided by t.
29
Suppose -5*v + 3*o = -38, 2*v - 8 = -0*v + 3*o. What is the remainder when v is divided by (0 - -1)*(14/4 - (-63)/(-42))?
0
Calculate the remainder when 16 is divided by (-4)/7 - 5035/(-371).
3
Let t(w) be the first derivative of 20*w**3/3 + 3*w**2/2 + 6*w - 45. What is the remainder when t(-2) is divided by 27?
26
Let o(m) = m**3 + 3*m**2 + 4. Let p be o(-3). Let r = 9 - p. What is the remainder when 15 is divided by r?
0
Let y = 245 + -213. What is the remainder when 348 is divided by y?
28
Suppose -3*y = -2*l - 158 + 5, 0 = 4*y - l - 199. Calculate the remainder when 141 is divided by y.
43
Let a(s) = -27*s - 5. Let i be a(-3). Suppose 3*z - z = i. Calculate the remainder when z is divided by 10.
8
Let m(b) = b**2 + 7*b - 2*b + 32 - 5*b + 10*b. Suppose 13 = 2*y - j - 0*j, 3*j = y - 4. Calculate the remainder when m(-7) is divided by y.
4
Let r(l) = -11*l + 11. Let z(o) = 32*o - 32. Let p(m) = 8*r(m) + 3*z(m). Let g be p(9). Suppose -a + g = 3*a. What is the remainder when 62 is divided by a?
14
Let d = 333 - 297. What is the remainder when 100 is divided by d?
28
Let k be (-2)/2*2/1. Let g be (-350)/30 - k/(-6). Let s = g + 18. Calculate the remainder when 29 is divided by s.
5
Let b(f) = f**2 - 10*f + 3. Let u be b(10). Suppose -4*w = u*h - 38 - 55, w + 3*h - 21 = 0. Calculate the remainder when w is divided by (4/2)/(2/13).
11
Let y(n) = n**2 + 6*n - 3. Let i be (4 + -16)/((-3)/(-2)). Let c(x) = -x**3 + x**2 - x + 49. What is the remainder when c(0) is divided by y(i)?
10
Let u(b) = -7*b + 4. Let n(r) = -21*r + 13. Let a(c) = -6*n(c) + 17*u(c). What is the remainder when a(9) is divided by 7?
4
Let d be ((-6)/(-4))/(33/352). Let j = -8 + d. Calculate the remainder when 9 is divided by j.
1
Calculate the remainder when 68 is divided by ((-20)/(-35) - 0) + 482/14.
33
Let s be (-4)/6 + (-7)/3 + 0. What is the remainder when 18 is divided by ((-6)/9)/(404/(-132) - s)?
7
Let u(c) = -c**2 + 6*c + 8. What is the remainder when (-1)/((-5)/4)*3/((-90)/(-525)) is divided by u(6)?
6
Let t(v) = 2*v**2 - 15*v + 72. Calculate the remainder when t(-21) is divided by 106.
103
Let m be (4 + 80/(-35))*28. Suppose 0 = -2*u - 0*u + m. Let k = u - 22. What is the remainder when k is divided by 1?
0
Let d(s) = s**3 + 34*s**2 + 38*s + 171. Let k = 4 - -4. Calculate the remainder when k is divided by d(-33).
2
What is the remainder when 1*(626 + (6 - -1)) is divided by 29?
24
Let r = 798 + -727. Calculate the remainder when r is divided by 37.
34
Let b = -6 - -16. What is the remainder when 35 is divided by b?
5
Let j(m) = -29*m + 1. What is the remainder when (((-7095)/(-20))/(-11))/((-33)/88) is divided by j(-1)?
26
Suppose 4*z + 188 = 2*q - 132, -5*z = 3*q - 513. What is the remainder when q is divided by 34?
30
Calculate the remainder when -220*(112/(-10) + 11) is divided by 4.
0
Let t be 1*-1*((-9)/9 + -3). Suppose t*x + 2*s - 152 = 0, -x + 4*s = 6*s - 44. Calculate the remainder when 139 is divided by x.
31
Let l = -14 - -14. Let v = l + 60. Calculate the remainder when 38 is divided by 1/5 + 1188/v.
18
Suppose -15*u + 442 = 2*u. Let t = 169 + -93. Calculate the remainder when t is divided by u.
24
Let h(b) = b - 8. Let d be h(-5). Let f = 4 - d. What is the remainder when 28 is divided by f?
11
Let o be (10/(-6) + 1)*-111. Suppose -5*z + o = -3*z. Suppose 0 = 3*x - 3, z + 42 = 4*v - x. What is the remainder when 36 is divided by v?
16
Let t be 202 + (0 - 20/(-5)). Suppose -2*s + 0*s = -t. Calculate the remainder when s is divided by 26.
25
Calculate the remainder when (303*6/9)/1 is divided by 19.
12
Let p(w) = -2*w + 6. Let y be p(0). Let i = 33 - y. Calculate the remainder when i is divided by 5.
2
Let l = 25 - -29. Let c = 69 - l. Calculate the remainder when 29 is divided by c.
14
Suppose l + 3*l - 212 = 0. Suppose 4*k + l = 213. Suppose 5*c + 0*c - k = 0. What is the remainder when c is divided by 3?
2
Suppose -2*c = -7*f + 3*f - 58, 0 = 4*c - 2*f - 92. What is the remainder when c is divided by 4?
1
Let g be 396/14 - 4/14. Suppose 7*x = 2*x. Suppose -2*b + 3*b - g = x. Calculate the remainder when b is divided by 10.
8
Suppose 5*p + 2 - 32 = -5*x, -p = -1. What is the remainder when 28 is divided by x?
3
Suppose 2*m = -5*f + 50, -4*m + 8 = f - 20. Suppose 4*r + 8*q = 12*q + 196, -3*q = 2*r - 98. Calculate the remainder when r is divided by (f - -3) + 2 + 0.
10
Let i = -1057 - -1071. Calculate the remainder when 208 is divided by i.
12
Let z = 61 - 36. What is the remainder when z is divided by 18*((-21)/(-14) + -1)?
7
Let n be (-468)/30*15/(-6). Let z = n + -36. What is the remainder when 8 is divided by z?
2
Suppose 2*b - 45 = 3*p, -64 + 78 = -2*p. Suppose -5*y - 35 = -5*u, 7 = 4*u - 2*y - 13. Calculate the remainder when b is divided by u.
0
Suppose -3*y - 10 = 2*y. What is the remainder when (-3)/((-6)/(-71))*y is divided by 18?
17
Let x be (52 - 5) + (-3)/1. Suppose 4*z - x = 20. What is the remainder when ((-15)/2)/(5/(-30)) is divided by z?
13
Suppose -37 = 3*b + c, 4*c = 4*b - 33 + 109. Let w = 24 + b. Let t(h) = h**3 + 5*h**2 + 3*h + 2. Calculate the remainder when w is divided by t(-4).
4
Suppose 6*l + 10 - 28 = 0. Suppose -2*h + l*h = m - 57, 4*m + 3*h = 242. Calculate the remainder when m is divided by 22.
15
Let l = 1 - -10. Let j be 38*3/(-18)*-3. Let v = 47 - j. What is the remainder when v is divided by l?
6
Suppose 4*b - 60 = -5*t, -6*t - 36 = -9*t + b. What is the remainder when t is divided by 1/2*(0 - -14)?
5
Let b(c) be the second derivative of -1/3*c**3 + 0 + 9*c - 9/2*c**2. Calculate the re